 9*z + 43324 = -10*z, 0 = -2*o - 2*z + 21662. Is o composite?
False
Suppose 0 = 2*r + 3 - 5, -r = 3*j - 23311. Suppose -2*o + j = 4*p, -7765 = -4*p + 5*o - 2*o. Suppose 0 = -5*t - 117 + p. Is t a prime number?
False
Let b(k) = -2 + 288*k - 271*k**3 + 3434*k**3 - 286*k. Is b(1) composite?
False
Suppose s - 7 + 2 = -5*n, 4*s = n + 20. Let t(o) = 16*o + 11. Let i(m) = -m + 1. Let d(k) = -5*i(k) + t(k). Is d(s) a composite number?
True
Suppose 5337 = 4*f - 2*x - 249, -3*f = -2*x - 4189. Is f prime?
False
Is (-1)/((-10)/(9 - -46421)) composite?
False
Suppose 0 = -4*y + 8958 - 2210. Is y a prime number?
False
Suppose 2*r - 2*u = 2*u + 102, -255 = -5*r - 4*u. Let x = -16 + r. Suppose 20 = s - x. Is s a composite number?
True
Suppose 2*m + 366 = 2*h, 5*h + 0 = -4*m + 888. Suppose 4*i + h = -3*b, 5*i + 5*b + 222 = 2*b. Is ((-1143)/(-27))/((-2)/i) a prime number?
False
Suppose 0 = x + 4*j + 73, 3*j = -x + 2*x + 87. Let d = 43 + x. Is (-3 + d)/((-5)/10) prime?
False
Let y be (6/(-4))/(27/(-36)). Suppose v = y*b - 2505, -5*b + v + 6260 = -2*v. Is b prime?
False
Let s be ((-3)/2)/((-4)/((-11240)/(-15))). Suppose -5*y - s = -1336. Is y composite?
False
Let n be -307*(-1 - (0 + 0)). Suppose 5*y + 6*r - 4*r = 1443, y = -5*r + n. Is y composite?
True
Let v = 929 - -5202. Is v a prime number?
True
Let y = 55 - 53. Suppose -4*l - 1892 = -4*j, 3448 - 1111 = 5*j + y*l. Is j a prime number?
False
Suppose 0*x + 2*x = 18. Let d = 3 + 55. Let k = d - x. Is k a composite number?
True
Let w(o) = 49*o**2 - 5*o + 67. Is w(-7) composite?
False
Suppose 2*v + 3*b = 13, -5*v + 1 + 0 = -3*b. Suppose v*f + 2*m = -0*m + 1572, 0 = -2*f - 5*m + 1569. Is f composite?
False
Let v(y) = -y + 1. Let q be v(-1). Let c be (1 - 4)*(70/(-15) + 4). Suppose 3*f - 572 = -4*n, -f - c*f - 286 = -q*n. Is n prime?
False
Let z(v) = 17*v**2 - 8*v + 6. Let o(j) = -34*j**2 + 15*j - 13. Let h(s) = 2*o(s) + 5*z(s). Is h(3) prime?
True
Suppose 6*p = 11*p + 2900. Let r = p - -1121. Is r prime?
True
Suppose -3*u - 2*u - 17550 = -5*i, 2*i = -u + 7008. Is i composite?
True
Is 424*8 - (10 + -7) composite?
False
Let j be ((-4)/6)/(10/(-345)). Let v = -5 + j. Suppose -y + 3*d + 0*d + v = 0, 2*y = -4*d + 46. Is y composite?
True
Suppose q = -5*a + 9905, -4*q - 9875 = -5*a + q. Suppose -3*r = b - 3*b - a, -2*r + 1333 = 3*b. Is r a prime number?
False
Let f = -202556 + 299377. Is f a composite number?
False
Is 15553 + -5 + 5 + -8 a prime number?
False
Let o(r) = 1608*r + 55. Is o(4) a prime number?
False
Let t be 4/(-1)*(-115)/46. Suppose t*z - 7*z = -2*u + 2401, -u = z - 802. Is z a composite number?
False
Let j(y) be the first derivative of 24*y**2 + 7*y + 25. Is j(13) composite?
False
Let w = 3 - 1. Let l be (-1)/(-1) - w/2. Suppose l*b = -4*b + 8. Is b composite?
False
Suppose 8*n = 175654 + 320034. Is n a prime number?
True
Let g(w) = -3*w**2 + w + 1. Let i be g(2). Let m = i + 12. Suppose v - 2716 = -m*v. Is v a prime number?
False
Let d(i) = -i - 8. Let z be d(3). Let t(k) = -118*k + 21. Is t(z) a prime number?
True
Suppose 5*r = 1 + 79. Let s(m) = 1 + 18*m + 216*m**3 - r*m - 2. Is s(1) prime?
False
Suppose -16201 = -3*u - 2*s, -2*u = s - 6089 - 4712. Is u a composite number?
True
Let k be 1/((9/21)/3). Is (4 - (66 + 5))/((-1)/k) a prime number?
False
Let i(y) = -y**3 - 7*y**2 + 2*y + 19. Let b be i(-7). Suppose -2*f = -z - 4*z + 447, 5*f = b*z - 450. Is z a prime number?
True
Is (9 - 50/5)/((-3)/42843) a composite number?
False
Is 3 - ((-917265)/45 - (-2)/3) composite?
True
Suppose -165*o - 699911 = -208*o. Is o prime?
False
Let l(j) = 2*j**2 + 23*j + 5. Let p be l(-11). Is (21/p + 5)*1262 a composite number?
True
Let s be 5/(44/8 + -3). Let p(t) = 299*t - 1. Is p(s) a prime number?
False
Let i = 25 - 39. Let h = i + 24. Suppose h*c + 354 = 12*c. Is c a composite number?
True
Let m = 559 + -257. Let y = 493 - m. Is y composite?
False
Suppose 2*d + 0*d = -3*p - 14, -2*p + 2*d + 4 = 0. Is 7*(p - (4/1 - 245)) a prime number?
False
Let o(k) = -k + 10. Let w = -18 - -26. Let a be o(w). Is 218 - 9/3 - a a composite number?
True
Suppose 1417 = 4*t - 1743. Is (-27)/(-18)*t/3 composite?
True
Is 4168/20*(7/2 + -1) prime?
True
Let x be (-1)/(10/2) - (-11866)/5. Suppose -3*w + 2169 = -x. Is w prime?
False
Suppose -3*m + 4*p + 2 = -14, -p - 4 = -5*m. Suppose 0 = -m*c + c + 16. Let u(h) = -h**3 - 13*h**2 + 6*h + 5. Is u(c) composite?
False
Let b = -637 + 641. Let f = 247 + -129. Suppose b*r = 94 + f. Is r composite?
False
Let x be (2/(-3))/((-10)/75). Suppose 3*c + 2*h + 53175 = 5*h, h + 88655 = -x*c. Is c/(-20) + 1/2 a prime number?
True
Let q(u) = -u**2 + 6*u - 3. Let i be q(5). Suppose -1 + 5 = -i*o, 3*z + 5*o + 19 = 0. Is z/(2 + (-332)/164) a prime number?
False
Let c be -1 - (-2)/(2/43). Suppose h - 2 = 21. Let m = c + h. Is m prime?
False
Let m(g) = -g**2 - 6*g + 2. Let y be m(-6). Let k be 14/4 + 1/y. Suppose -3*r = 3*f - 1212, f - 422 = r + k*r. Is f composite?
True
Let a(j) = 4*j**2. Let w be a(1). Let f = w - 0. Suppose 0 = -k - f*k + 75. Is k a composite number?
True
Let a(v) = -39*v + 18. Let g(m) = 2*m**2 + 30*m - 11. Let j be g(-15). Is a(j) a composite number?
True
Suppose -p + 5*a = -13 - 17, 3*p = -2*a + 5. Suppose 2*d - 10 = -0*d - q, -d = -2*q - p. Suppose d*c + 0 = -20, 3*w - c = 427. Is w prime?
False
Suppose 2638 = 2*n + 4*d, 5*d + 5469 = 3*n + 1545. Is n a prime number?
False
Let l be 0 + -5 + 1 + 4. Suppose 0 = -4*u + 4*a + 1344, l = 4*u - 2*u + a - 657. Is u a prime number?
True
Let y(x) = 2*x**2 + 4*x - 7. Let g(r) = 2*r**2 + 3*r - 6. Let p(j) = 6*g(j) - 5*y(j). Let f be p(2). Suppose -f*s + 93 = -0*s. Is s composite?
False
Let t(n) = -n**3 + 19*n**2 + 23*n + 15. Let f be t(21). Let z = 975 + f. Is z a composite number?
True
Let f be 2/(-5) - 84/(-35). Suppose 0*d = 2*d + u - 66, -f*d - 4*u + 72 = 0. Is 350/4 - (-48)/d a composite number?
False
Suppose 69*o - 94823 = 4571440. Is o a prime number?
False
Let t(g) = -g**2 + 16*g + 22. Let l be t(17). Suppose 3*j - 7 = -5*f, 3*f = l*j + 5 - 28. Suppose 22 = j*a - 126. Is a a composite number?
False
Let d(o) = -5*o - 22. Let m be d(-4). Is (-70475)/10*1*m a prime number?
False
Let i(p) be the second derivative of 0 - 1/2*p**3 + 7/4*p**5 - 2*p + 1/6*p**4 + 5/2*p**2. Is i(2) composite?
True
Suppose t + 10*s = 5*s + 55084, t - 55111 = 4*s. Is t a prime number?
False
Suppose a = -2*y + 5495, -5 = 4*a + 7. Is y a prime number?
True
Suppose 1457 = -p + 3*p - x, -5*p - x + 3660 = 0. Suppose 0 = -5*z + d - p + 2197, 2*z - d = 587. Is z composite?
False
Suppose -412 = -q + 150. Suppose q = -4*j + 2358. Is j composite?
False
Is ((1/1)/(-3))/(130/(-97890)) a prime number?
True
Let n(h) = 50 - 27 + 2*h - 28 + 9*h**2. Is n(-4) prime?
True
Let l(i) = i**3 + 8*i**2 - 10*i - 4. Let g(s) = -s - 4. Let h be g(5). Let p be l(h). Suppose p*z - 261 = 374. Is z prime?
True
Is (2/8)/(15/33420) a composite number?
False
Let y(r) = -r**3 + 18*r**2 - 23*r + 29. Is y(9) prime?
False
Is 83112/40 + 16/(-20) a prime number?
False
Suppose 3*z - 5*z = x - 4711, -5*z = -x + 4676. Is x prime?
False
Suppose 29*a - 184678 = 326389. Is a composite?
False
Let o(z) = -7*z**2 - 11*z - 7. Suppose -3*v + 27 = -4*u, 4*u = 2*u - 5*v - 7. Let l be o(u). Let i = l - -360. Is i a composite number?
False
Let y(h) be the first derivative of h**3/3 + 3*h**2/2 - 3*h - 2. Let j be y(-3). Let v(f) = -154*f + 5. Is v(j) prime?
True
Suppose -5763 = -8*j + 2053. Is j a prime number?
True
Suppose 4*v - 2820 = 2*v. Let o = -81 + v. Is o a prime number?
False
Let t(p) = -11861*p**3 + 3*p**2 + p. Is t(-1) prime?
True
Let m be ((-69)/(-9) - -2)*-3. Let n = -47 - m. Is ((-174)/n)/(2/102) a prime number?
False
Let u = -261 + 179. Let n = 5 - u. Is n a composite number?
True
Suppose 7 = 9*h - 4*h - 2*i, i + 5 = 4*h. Is 1255 - 1/(-1*h/(-2)) prime?
False
Let d be (-8)/12 - (-58)/(-3). Let c = d + 147. Is c a prime number?
True
Let h = 65 + -59. Suppose -894 = -0*q - h*q. Is q prime?
True
Is ((-9094)/8)/(13/(-52)) composite?
False
Let l(u) = 11*u**2 + 2*u + 2. Let w be 26/(-8) - (-5)/20. Let j = w + 0. Is l(j) prime?
False
Let m(u) = 90*u**2 + 53*u - 14. Is m(-19) prime?
True
Let n be -85 + -2 + (-48)/(-6) + -6. Let j(p) = -66*p + 1. Let k be j(2). Let b = n - k. Is b a prime number?
False
Let u(h) = 16*h**2 